6*g(z). Calculate m(-1).
-4
Let b(n) = 35*n**2 + 8*n + 6. Let m(k) = 27*k**2 + 6*k + 5. Let f(h) = 10*b(h) - 13*m(h). What is f(3)?
-8
Let x(l) = 49*l - 3. Let q(n) = 10*n - 1. Let u(d) = 5*q(d) - x(d). What is u(-1)?
-3
Let k = 11 + -8. Let a(s) = -31*s - 5. Let o(i) = -49*i - 8. Let h(m) = -8*a(m) + 5*o(m). What is h(k)?
9
Let z(q) = -2*q**3 + 5*q**3 - q**3 + 7*q**2 + 9*q**2 + 20 - 32 - 20*q. Calculate z(-9).
6
Let n be 75/(-21) - (-24)/42. Let j(p) = 11*p + 21. Let f be -1*12*(-6)/9. Let z(h) = 4*h + 7. Let v(l) = f*z(l) + n*j(l). Determine v(-5).
-2
Suppose -32*b - 69*b + 70*b = 62. Let g(a) = -3*a**2 - 5*a - 13. Give g(b).
-15
Let f(h) = -h**2 - 5*h + 4. Let j(o) = -17*o + 104. Let r be j(7). Let i(z) = -3*z - 51. Let b be i(r). Determine f(b).
-2
Let r(s) = -3*s + 11. Suppose -4*f - n = -1576, -8*f + 4*n + 770 = -6*f. Suppose -f*a = -391*a - 16. Calculate r(a).
-13
Suppose m + 7 = -2*x, 29 = -5*x + 4*m - 8. Let i be 16/12 + (5/3)/x. Let k(p) = -2*p - 6*p**2 + 2*p - p. Calculate k(i).
-7
Let h(g) be the first derivative of -2*g**3/3 + g**2/2 - g + 1. Let o be -4*(-4)/(-296) - 3168/1628. Give h(o).
-11
Let u(t) be the third derivative of t**6/10 - t**4/8 + t**3/2 + 2*t**2 + 756*t. Give u(1).
12
Let f = 12641 + -12639. Let y(p) = 13*p - 11. Determine y(f).
15
Let c(d) = 9*d - 94. Let f(j) = -21*j + 274. Let l(n) = -8*c(n) - 3*f(n). Determine l(-11).
29
Suppose 9 = -6*v + 3*v. Let z(r) be the first derivative of -r**3 + 0*r + 0*r**2 + 79 - 1/4*r**4. Give z(v).
0
Suppose 4*u - 8*d = -34 + 6, -2*u - 4*d = 14. Let b(x) = -5*x - 31. Determine b(u).
4
Let i be 16/(-40) - (-32)/5. Let v(x) = x**3 + 32 - 15 + 5*x - 14 - i*x**2. Calculate v(5).
3
Let m(b) = -5*b**2 + b - 7. Let z(o) = 4*o**2 - o + 6. Suppose 47*v - 43*v = 20. Let j(c) = v*m(c) + 6*z(c). What is j(1)?
-1
Let w(u) = u**2 - 13*u + 15. Suppose 2*g + 4*m = 0, 5 = -m + 4. Determine w(g).
-7
Let t(w) = -w**2 + 9*w + 2. Let a be ((-49)/21)/((-2)/90 + 0). Let u be 33/4 + a/140. Calculate t(u).
2
Let f be (54/(-12))/9 + (-98)/(-4). Let l(g) = -f*g + g**3 + 26*g + g**3 + 2. Let i(x) = -3*x**3 - 4*x - 3. Let w(r) = -3*i(r) - 5*l(r). Give w(2).
-5
Let z = -6457 + 6456. Let h(i) = 10*i. Give h(z).
-10
Let u(x) be the first derivative of x**3/3 + 4*x**2 + 3*x - 1. Suppose -7*i - 25 = 17. Let k be (i/9)/((-26)/(-195)). Determine u(k).
-12
Let g(o) = 19*o - 1. Let y(j) be the third derivative of -11*j**4/12 + j**3/6 - 19*j**2 - j. Let d(v) = 7*g(v) + 6*y(v). Calculate d(-9).
-10
Let k = -63 - -61. Let c(u) = -2*u + 4. Let t(w) be the second derivative of -w**3/6 - w**2/2 - w. Let h(i) = c(i) + 4*t(i). Calculate h(k).
12
Let n(g) = -3*g**3 + g**2 - g + 1. Suppose 0 = 3*k - 421 - 242. Let m = k - 220. Give n(m).
-2
Let s(i) be the third derivative of i**6/60 + i**5/15 + 5*i**4/12 + i**3/2 - 9760*i**2. Determine s(-2).
-17
Let m(w) = -127788 + 5*w - 18*w + 127834. What is m(8)?
-58
Let n be (-49)/14*(-1 - -3). Let o(b) = 9*b**3 + 31*b**2 + 22*b + 2. Let j(z) = 5*z**3 + 16*z**2 + 11*z + 1. Let d(p) = n*j(p) + 4*o(p). Calculate d(-11).
1
Let g(c) = -c**3 + c**2 - 3. Let w = 12 - 7. Suppose 3*p = 5*z - 109, -w*p + 4*z - 75 = 85. Let y = p + 28. Calculate g(y).
-3
Let v(p) be the second derivative of -p**4/6 - 7*p**3/2 + 14*p**2 + 2267*p. Determine v(-12).
-8
Let i = -297 - -171. Let q = i + 120. Let o(z) = z**3 + 6*z**2 - 2*z - 5. Give o(q).
7
Let c = 452 + -448. Let d(g) = 7*g**2 - 15*g - 1. Let j(x) = -3*x**2 + 7*x + 1. Let p(q) = c*d(q) + 9*j(q). What is p(-4)?
9
Let m(q) = 75*q - 146. Let i be m(2). Let a(w) be the third derivative of -w**4/12 + 4*w**3/3 + w**2. Determine a(i).
0
Let q(f) = f**3 - 3*f**2 - 10*f + 13. Let r(x) = 19*x**2 + 180*x + 230. Let s be r(-8). What is q(s)?
61
Let t(h) = h**3 + 16*h**2 - 3*h - 15. Let d(f) = -3*f**3 - 50*f**2 + 9*f + 46. Let u(w) = 4*d(w) + 11*t(w). Give u(-24).
-53
Suppose -71 - 37 = 54*m. Let x(t) = 4*t - 53. Let q(j) = j - 16. Let a(g) = m*x(g) + 7*q(g). Determine a(-10).
4
Let f(t) = t**3 + 24*t**2 + 66*t + 68. Let x be f(-21). Let j(i) = -21*i + 99. Give j(x).
-6
Let z(w) be the second derivative of -w**5/20 - w**4/2 - 3*w**3/2 - 9*w**2/2 - 1229*w. What is z(-3)?
-9
Let k(x) = -7*x + 1. Let b(i) = -6*i + 1. Suppose 16*u - 23*u + 84 = 0. Suppose u = 7*f - 5*f. Let m(t) = f*b(t) - 5*k(t). Give m(3).
-2
Suppose 10 - 9 = u. Let o(v) = v + 6 + 1 + v - u. Let s(y) = 20*y + 116. Let g be s(-6). Calculate o(g).
-2
Let t(d) = -2*d**3 - 16*d**2 + 9*d - 10. Let k(c) = 5*c**2. Let z(a) = -5*k(a) - t(a). Calculate z(5).
-10
Let k(r) = -14*r**2 + 6*r**3 - 8*r**3 - 57 + 8*r**3 - 4*r - 7*r**3. Give k(-14).
-1
Let f(p) be the first derivative of p**4/4 + 17*p**3/3 + p**2 + 52*p - 838. Calculate f(-17).
18
Suppose 32 = 2*q - 5*w, -5*w = 5*q + 5 - 15. Let z be 1 + 10/(-15)*q. Let t(p) = 2*p. Determine t(z).
-6
Let t(k) be the third derivative of 11*k**4/24 + 7*k**3/3 - 1409*k**2. Give t(5).
69
Let y(a) = 3*a**2 + 9*a. Let f(u) = 4*u - 31*u**2 + 0*u + 11*u + 4*u + 39*u**2. Let w(x) = 2*f(x) - 5*y(x). Determine w(6).
-6
Let y(g) = -1. Let l = -36 - -38. Let x(b) = 3*b + 1 + 5 - l*b - 10. Let r(w) = -x(w) + 5*y(w). Calculate r(4).
-5
Let n = 2 + 0. Let o(l) = -341 - 347 + 3*l - 344 + l + 1030. What is o(n)?
6
Let d = 3 - 5. Let o(a) be the first derivative of 3*a**2/2 - 2*a - 1792. Calculate o(d).
-8
Let i(s) = 4*s + 4 - 6 + 3. Let x(m) = m**3 - 2*m**2 - 4*m + 1. Let j be x(3). What is i(j)?
-7
Let m(j) = j**3 - 46*j**2 - 95*j - 48. Let p be ((-856)/(-20) - 14/(-70)) + 5. What is m(p)?
0
Let x(n) = 4*n - 36. Let l be x(14). Suppose -3*o = -7*o + l. Suppose o*j = -31 + 36. Let k(h) = 6*h**3 + h**2 - 1. What is k(j)?
6
Let j be 2/(-12) + 57/18. Let a(d) be the third derivative of -5/24*d**4 + 0 + 3*d + 1/6*d**3 + d**2 + 1/60*d**5. What is a(j)?
-5
Suppose -263*l - 12 = -266*l + 5*d, -2 = -l + d. Let x(c) = 5*c**3 + 1. Let o(h) = 6*h**3 - h**2 + 2. Let w(b) = -2*o(b) + 3*x(b). Give w(l).
-2
Let d(s) = -2*s**2 + 38*s + 4. Let v(b) = -b + 1. Let q(k) = d(k) + 13*v(k). Calculate q(13).
4
Let j(s) = 1451*s - 1 + 7*s**2 - 2898*s - 10*s**2 + 1448*s - s**3. Let i be 27/(-18)*(2 + 0). Give j(i).
-4
Let w(v) be the first derivative of -4*v + 2/3*v**3 + 1/4*v**4 - 1/2*v**2 + 12. Let o be (-3)/((-1)/6 - 21/(-18)). Calculate w(o).
-10
Let m(c) = 28 - 1 - 2*c + 9 + 3*c. Let w be m(-33). Let j(o) be the third derivative of o**4/24 - o**3/2 + o**2. Calculate j(w).
0
Suppose -4 = -2*f - 0*f. Let s(w) be the second derivative of w**4/12 - 5*w**3/6 + 7*w**2/2 - 28908*w. Determine s(f).
1
Suppose 3164*m = 3160*m + 20. Let f(u) = 20*u - 104. Give f(m).
-4
Let x = 14 - 11. Let m(r) = -4*r + 64. Let u be m(15). Let c(s) = -9*s**2 + 8*s - 12. Let i(k) = 5*k**2 - 4*k + 7. Let o(t) = u*c(t) + 7*i(t). Give o(x).
4
Let d(f) = -13*f**2 - 84*f - 518. Let x(t) = t**2 + 7*t + 43. Let a(h) = 2*d(h) + 25*x(h). Determine a(11).
-5
Suppose 191 = -5*n + 5*h + 171, 0 = -3*n - h - 44. Let t(v) = -3*v**2 - 35*v - 15. Give t(n).
-27
Let h(t) = -t**3 - 8*t**2 + 8*t + 14. Suppose 3*c - 4*k = -0*c - 11, 5*k + 56 = -4*c. What is h(c)?
23
Suppose -2*o - 2*q = 0, -7*o + 8*o - 3*q = 36. Let l(w) = 26*w - 50. Give l(o).
184
Suppose 0 = 5*n - 2*q + 11, 4*n - 5 = -0*q - 3*q. Let h(j) be the third derivative of j**6/12 - j**5/60 - j**4/24 - j**3/6 - 2*j**2 - 5930*j. Determine h(n).
-11
Suppose -1176 - 864 = -120*n. Let h(a) = 6*a - 98. What is h(n)?
4
Let s(z) = z**2 - 5*z - 6. Let k be s(5). Let j(u) = 3*u**3 - u**2 + u + 1. Let o(i) = 20*i**2 + 7*i**3 + 0 - 16*i**2 + 7. Let f(r) = 2*j(r) - o(r). Give f(k).
-17
Let g(p) = p**2 + 3*p + 7. Let o be g(-4). Let t(z) = -13 + 31 - 7*z + z**2 - 9 - 4*z. Give t(o).
9
Let w(l) be the second derivative of l**3/3 - 13*l**2/2 - 4*l. Suppose -166*b + 1866 = 206. Calculate w(b).
7
Let x(c) = c**2 + 29*c + 26. Let j(v) = 25*v**3 - 3*v**2 - 4*v - 28. Let m be j(0). Give x(m).
-2
Let m(a) = 2*a**3 - 17*a**2 + 23*a. Suppose -35*r + 218*r - 2100 + 819 = 0. Give m(r).
14
Let j(r) be the second derivative of -r**6/360 - r**4/8 + r**3 - 4*r**2 - 98*r. Let f(g) be the second derivative of j(g). Give f(3).
-12
Let m(c) be the second derivative of c**6/360 + 3*c**5/40 + c**4/4 + 103*c**3/6 - 13*c - 7. Let v(w) be the second derivative of m(w). Calculate v(-9).
6
Let s(t) = 1102 + 1111 - 2771 - 51*t. 